{"id":808,"date":"2022-07-27T17:16:56","date_gmt":"2022-07-27T15:16:56","guid":{"rendered":"https:\/\/bacasable.bigberry.fr\/?page_id=808"},"modified":"2022-07-28T20:33:20","modified_gmt":"2022-07-28T18:33:20","slug":"mentions-legales","status":"publish","type":"page","link":"https:\/\/bigberry.fr\/index.php\/page-daccueil\/mentions-legales\/","title":{"rendered":"Mentions l\u00e9gales"},"content":{"rendered":"\t\t<div data-elementor-type=\"wp-page\" data-elementor-id=\"808\" class=\"elementor elementor-808\" data-elementor-post-type=\"page\">\n\t\t\t\t\t\t<section class=\"elementor-section elementor-top-section elementor-element elementor-element-31deca23 elementor-section-boxed elementor-section-height-default elementor-section-height-default\" data-id=\"31deca23\" data-element_type=\"section\" data-settings=\"{&quot;background_background&quot;:&quot;gradient&quot;,&quot;_ha_eqh_enable&quot;:false}\">\n\t\t\t\t\t\t<div class=\"elementor-container elementor-column-gap-default\">\n\t\t\t\t\t<div class=\"elementor-column elementor-col-100 elementor-top-column elementor-element elementor-element-72f226f0\" data-id=\"72f226f0\" data-element_type=\"column\">\n\t\t\t<div class=\"elementor-widget-wrap elementor-element-populated\">\n\t\t\t\t\t\t<div class=\"elementor-element elementor-element-15ac2dc7 elementor-widget elementor-widget-spacer\" data-id=\"15ac2dc7\" data-element_type=\"widget\" data-widget_type=\"spacer.default\">\n\t\t\t\t<div class=\"elementor-widget-container\">\n\t\t\t<style>\/*! elementor - v3.21.0 - 18-04-2024 *\/\n.elementor-column .elementor-spacer-inner{height:var(--spacer-size)}.e-con{--container-widget-width:100%}.e-con-inner>.elementor-widget-spacer,.e-con>.elementor-widget-spacer{width:var(--container-widget-width,var(--spacer-size));--align-self:var(--container-widget-align-self,initial);--flex-shrink:0}.e-con-inner>.elementor-widget-spacer>.elementor-widget-container,.e-con>.elementor-widget-spacer>.elementor-widget-container{height:100%;width:100%}.e-con-inner>.elementor-widget-spacer>.elementor-widget-container>.elementor-spacer,.e-con>.elementor-widget-spacer>.elementor-widget-container>.elementor-spacer{height:100%}.e-con-inner>.elementor-widget-spacer>.elementor-widget-container>.elementor-spacer>.elementor-spacer-inner,.e-con>.elementor-widget-spacer>.elementor-widget-container>.elementor-spacer>.elementor-spacer-inner{height:var(--container-widget-height,var(--spacer-size))}.e-con-inner>.elementor-widget-spacer.elementor-widget-empty,.e-con>.elementor-widget-spacer.elementor-widget-empty{position:relative;min-height:22px;min-width:22px}.e-con-inner>.elementor-widget-spacer.elementor-widget-empty .elementor-widget-empty-icon,.e-con>.elementor-widget-spacer.elementor-widget-empty .elementor-widget-empty-icon{position:absolute;top:0;bottom:0;left:0;right:0;margin:auto;padding:0;width:22px;height:22px}<\/style>\t\t<div class=\"elementor-spacer\">\n\t\t\t<div class=\"elementor-spacer-inner\"><\/div>\n\t\t<\/div>\n\t\t\t\t<\/div>\n\t\t\t\t<\/div>\n\t\t\t\t<div class=\"elementor-element elementor-element-2afa66d0 elementor-hidden-mobile elementor-widget elementor-widget-spacer\" data-id=\"2afa66d0\" data-element_type=\"widget\" data-widget_type=\"spacer.default\">\n\t\t\t\t<div class=\"elementor-widget-container\">\n\t\t\t\t\t<div class=\"elementor-spacer\">\n\t\t\t<div class=\"elementor-spacer-inner\"><\/div>\n\t\t<\/div>\n\t\t\t\t<\/div>\n\t\t\t\t<\/div>\n\t\t\t\t<div class=\"elementor-element elementor-element-305908c7 elementor-view-default elementor-invisible elementor-widget elementor-widget-icon\" data-id=\"305908c7\" data-element_type=\"widget\" data-settings=\"{&quot;_animation&quot;:&quot;slideInLeft&quot;}\" data-widget_type=\"icon.default\">\n\t\t\t\t<div class=\"elementor-widget-container\">\n\t\t\t\t\t<div class=\"elementor-icon-wrapper\">\n\t\t\t<div class=\"elementor-icon\">\n\t\t\t<i aria-hidden=\"true\" class=\"fas fa-balance-scale\"><\/i>\t\t\t<\/div>\n\t\t<\/div>\n\t\t\t\t<\/div>\n\t\t\t\t<\/div>\n\t\t\t\t<div class=\"elementor-element elementor-element-604caba elementor-widget elementor-widget-heading\" data-id=\"604caba\" data-element_type=\"widget\" data-widget_type=\"heading.default\">\n\t\t\t\t<div class=\"elementor-widget-container\">\n\t\t\t<style>\/*! elementor - v3.21.0 - 18-04-2024 *\/\n.elementor-heading-title{padding:0;margin:0;line-height:1}.elementor-widget-heading .elementor-heading-title[class*=elementor-size-]>a{color:inherit;font-size:inherit;line-height:inherit}.elementor-widget-heading .elementor-heading-title.elementor-size-small{font-size:15px}.elementor-widget-heading .elementor-heading-title.elementor-size-medium{font-size:19px}.elementor-widget-heading .elementor-heading-title.elementor-size-large{font-size:29px}.elementor-widget-heading .elementor-heading-title.elementor-size-xl{font-size:39px}.elementor-widget-heading .elementor-heading-title.elementor-size-xxl{font-size:59px}<\/style><h1 class=\"elementor-heading-title elementor-size-default\">Mention l\u00e9gales<\/h1>\t\t<\/div>\n\t\t\t\t<\/div>\n\t\t\t\t<div class=\"elementor-element elementor-element-1845333e elementor-widget elementor-widget-text-editor\" data-id=\"1845333e\" data-element_type=\"widget\" data-widget_type=\"text-editor.default\">\n\t\t\t\t<div class=\"elementor-widget-container\">\n\t\t\t<style>\/*! elementor - v3.21.0 - 18-04-2024 *\/\n.elementor-widget-text-editor.elementor-drop-cap-view-stacked .elementor-drop-cap{background-color:#69727d;color:#fff}.elementor-widget-text-editor.elementor-drop-cap-view-framed .elementor-drop-cap{color:#69727d;border:3px solid;background-color:transparent}.elementor-widget-text-editor:not(.elementor-drop-cap-view-default) .elementor-drop-cap{margin-top:8px}.elementor-widget-text-editor:not(.elementor-drop-cap-view-default) .elementor-drop-cap-letter{width:1em;height:1em}.elementor-widget-text-editor .elementor-drop-cap{float:left;text-align:center;line-height:1;font-size:50px}.elementor-widget-text-editor .elementor-drop-cap-letter{display:inline-block}<\/style>\t\t\t\t<p>Ce site appartient \u00e0 SARL Big Berry. Tous droits r\u00e9serv\u00e9s.<\/p><p><strong>Web designer<\/strong> : \u00a0Adrien Camp, Big Berry<br \/>Contact : contact@bigberry.fr<br \/>Tel : 06 43 06 78 45<\/p><p>\u00a0 <strong>Si\u00e8ge social<\/strong> : SARL Big Berry<br \/>SIRET 88788406200019<br \/>www.bigberry.fr<br \/>4 place Jean Moulin<br \/>36400 Briantes<\/p><p><strong>H\u00e9bergeur<br \/><\/strong>OVH<br \/>RCS Lille M\u00e9tropole 424 761 419 00045<br \/>Code APE 2620Z<br \/>N\u00b0 TVA : FR 22 424 761 419<br \/>Si\u00e8ge social : 2 rue Kellermann \u2013 59100 Roubaix \u2013 France<\/p>\t\t\t\t\t\t<\/div>\n\t\t\t\t<\/div>\n\t\t\t\t<div class=\"elementor-element elementor-element-791a41fd elementor-hidden-mobile elementor-widget elementor-widget-spacer\" data-id=\"791a41fd\" data-element_type=\"widget\" data-widget_type=\"spacer.default\">\n\t\t\t\t<div class=\"elementor-widget-container\">\n\t\t\t\t\t<div class=\"elementor-spacer\">\n\t\t\t<div class=\"elementor-spacer-inner\"><\/div>\n\t\t<\/div>\n\t\t\t\t<\/div>\n\t\t\t\t<\/div>\n\t\t\t\t\t<\/div>\n\t\t<\/div>\n\t\t\t\t\t<\/div>\n\t\t<\/section>\n\t\t\t\t<section class=\"elementor-section elementor-top-section elementor-element elementor-element-3cfd0607 elementor-section-boxed elementor-section-height-default elementor-section-height-default\" data-id=\"3cfd0607\" data-element_type=\"section\" data-settings=\"{&quot;background_background&quot;:&quot;classic&quot;,&quot;_ha_eqh_enable&quot;:false}\">\n\t\t\t\t\t\t<div class=\"elementor-container elementor-column-gap-default\">\n\t\t\t\t\t<div class=\"elementor-column elementor-col-25 elementor-top-column elementor-element elementor-element-3ee321f3\" data-id=\"3ee321f3\" data-element_type=\"column\">\n\t\t\t<div class=\"elementor-widget-wrap\">\n\t\t\t\t\t\t\t<\/div>\n\t\t<\/div>\n\t\t\t\t<div class=\"elementor-column elementor-col-25 elementor-top-column elementor-element elementor-element-1ac3581e\" data-id=\"1ac3581e\" data-element_type=\"column\">\n\t\t\t<div class=\"elementor-widget-wrap\">\n\t\t\t\t\t\t\t<\/div>\n\t\t<\/div>\n\t\t\t\t<div class=\"elementor-column elementor-col-25 elementor-top-column elementor-element elementor-element-3d4a7c92\" data-id=\"3d4a7c92\" data-element_type=\"column\">\n\t\t\t<div class=\"elementor-widget-wrap\">\n\t\t\t\t\t\t\t<\/div>\n\t\t<\/div>\n\t\t\t\t<div class=\"elementor-column elementor-col-25 elementor-top-column elementor-element elementor-element-775e2f2d\" data-id=\"775e2f2d\" data-element_type=\"column\">\n\t\t\t<div class=\"elementor-widget-wrap\">\n\t\t\t\t\t\t\t<\/div>\n\t\t<\/div>\n\t\t\t\t\t<\/div>\n\t\t<\/section>\n\t\t\t\t<section class=\"elementor-section elementor-top-section elementor-element elementor-element-262d4d74 elementor-section-boxed elementor-section-height-default elementor-section-height-default\" data-id=\"262d4d74\" data-element_type=\"section\" data-settings=\"{&quot;background_background&quot;:&quot;classic&quot;,&quot;shape_divider_top&quot;:&quot;triangle&quot;,&quot;_ha_eqh_enable&quot;:false}\">\n\t\t\t\t\t<div class=\"elementor-shape elementor-shape-top\" data-negative=\"false\">\n\t\t\t<svg xmlns=\"http:\/\/www.w3.org\/2000\/svg\" viewBox=\"0 0 1000 100\" preserveAspectRatio=\"none\">\n\t<path class=\"elementor-shape-fill\" d=\"M500,98.9L0,6.1V0h1000v6.1L500,98.9z\"\/>\n<\/svg>\t\t<\/div>\n\t\t\t\t\t<div class=\"elementor-container elementor-column-gap-default\">\n\t\t\t\t\t<div class=\"elementor-column elementor-col-100 elementor-top-column elementor-element elementor-element-62bd21cf\" data-id=\"62bd21cf\" data-element_type=\"column\">\n\t\t\t<div class=\"elementor-widget-wrap elementor-element-populated\">\n\t\t\t\t\t\t<div class=\"elementor-element elementor-element-3f2105e7 elementor-widget elementor-widget-spacer\" data-id=\"3f2105e7\" data-element_type=\"widget\" data-widget_type=\"spacer.default\">\n\t\t\t\t<div class=\"elementor-widget-container\">\n\t\t\t\t\t<div class=\"elementor-spacer\">\n\t\t\t<div class=\"elementor-spacer-inner\"><\/div>\n\t\t<\/div>\n\t\t\t\t<\/div>\n\t\t\t\t<\/div>\n\t\t\t\t\t<\/div>\n\t\t<\/div>\n\t\t\t\t\t<\/div>\n\t\t<\/section>\n\t\t\t\t<\/div>\n\t\t","protected":false},"excerpt":{"rendered":"<p>Mention l\u00e9gales Ce site appartient \u00e0 SARL Big Berry. Tous droits r\u00e9serv\u00e9s. Web designer : &nbsp;Adrien Camp, Big Berry Contact : contact@bigberry.fr Tel : 06 43 06 78 45 &nbsp; Si\u00e8ge social : SARL Big Berry SIRET 88788406200019 www.bigberry.fr 4 place Jean Moulin 36400 Briantes H\u00e9bergeur OVH RCS Lille M\u00e9tropole 424 761 419 00045 Code [&hellip;]<\/p>\n","protected":false},"author":1,"featured_media":0,"parent":7,"menu_order":7,"comment_status":"closed","ping_status":"closed","template":"elementor_header_footer","meta":{"footnotes":""},"yoast_head":"<!-- This site is optimized with the Yoast SEO plugin v22.5 - https:\/\/yoast.com\/wordpress\/plugins\/seo\/ -->\n<title>Mentions l\u00e9gales - Big Berry<\/title>\n<meta name=\"robots\" content=\"index, follow, max-snippet:-1, max-image-preview:large, max-video-preview:-1\" \/>\n<link rel=\"canonical\" href=\"https:\/\/bigberry.fr\/index.php\/page-daccueil\/mentions-legales\/\" \/>\n<meta property=\"og:locale\" content=\"fr_FR\" \/>\n<meta property=\"og:type\" content=\"article\" \/>\n<meta property=\"og:title\" content=\"Mentions l\u00e9gales - Big Berry\" \/>\n<meta property=\"og:description\" content=\"Mention l\u00e9gales Ce site appartient \u00e0 SARL Big Berry. Tous droits r\u00e9serv\u00e9s. Web designer : &nbsp;Adrien Camp, Big Berry Contact : contact@bigberry.fr Tel : 06 43 06 78 45 &nbsp; Si\u00e8ge social : SARL Big Berry SIRET 88788406200019 www.bigberry.fr 4 place Jean Moulin 36400 Briantes H\u00e9bergeur OVH RCS Lille M\u00e9tropole 424 761 419 00045 Code [&hellip;]\" \/>\n<meta property=\"og:url\" content=\"https:\/\/bigberry.fr\/index.php\/page-daccueil\/mentions-legales\/\" \/>\n<meta property=\"og:site_name\" content=\"Big Berry\" \/>\n<meta property=\"article:modified_time\" content=\"2022-07-28T18:33:20+00:00\" \/>\n<meta name=\"twitter:card\" content=\"summary_large_image\" \/>\n<script type=\"application\/ld+json\" class=\"yoast-schema-graph\">{\"@context\":\"https:\/\/schema.org\",\"@graph\":[{\"@type\":\"WebPage\",\"@id\":\"https:\/\/bigberry.fr\/index.php\/page-daccueil\/mentions-legales\/\",\"url\":\"https:\/\/bigberry.fr\/index.php\/page-daccueil\/mentions-legales\/\",\"name\":\"Mentions l\u00e9gales - Big Berry\",\"isPartOf\":{\"@id\":\"https:\/\/bigberry.fr\/#website\"},\"datePublished\":\"2022-07-27T15:16:56+00:00\",\"dateModified\":\"2022-07-28T18:33:20+00:00\",\"breadcrumb\":{\"@id\":\"https:\/\/bigberry.fr\/index.php\/page-daccueil\/mentions-legales\/#breadcrumb\"},\"inLanguage\":\"fr-FR\",\"potentialAction\":[{\"@type\":\"ReadAction\",\"target\":[\"https:\/\/bigberry.fr\/index.php\/page-daccueil\/mentions-legales\/\"]}]},{\"@type\":\"BreadcrumbList\",\"@id\":\"https:\/\/bigberry.fr\/index.php\/page-daccueil\/mentions-legales\/#breadcrumb\",\"itemListElement\":[{\"@type\":\"ListItem\",\"position\":1,\"name\":\"Accueil\",\"item\":\"https:\/\/bigberry.fr\/\"},{\"@type\":\"ListItem\",\"position\":2,\"name\":\"Page d&#8217;accueil\",\"item\":\"https:\/\/bigberry.fr\/\"},{\"@type\":\"ListItem\",\"position\":3,\"name\":\"Mentions l\u00e9gales\"}]},{\"@type\":\"WebSite\",\"@id\":\"https:\/\/bigberry.fr\/#website\",\"url\":\"https:\/\/bigberry.fr\/\",\"name\":\"Big Berry\",\"description\":\"Agence de communication cr\u00e9ative\",\"publisher\":{\"@id\":\"https:\/\/bigberry.fr\/#organization\"},\"potentialAction\":[{\"@type\":\"SearchAction\",\"target\":{\"@type\":\"EntryPoint\",\"urlTemplate\":\"https:\/\/bigberry.fr\/?s={search_term_string}\"},\"query-input\":\"required name=search_term_string\"}],\"inLanguage\":\"fr-FR\"},{\"@type\":\"Organization\",\"@id\":\"https:\/\/bigberry.fr\/#organization\",\"name\":\"Big Berry\",\"url\":\"https:\/\/bigberry.fr\/\",\"logo\":{\"@type\":\"ImageObject\",\"inLanguage\":\"fr-FR\",\"@id\":\"https:\/\/bigberry.fr\/#\/schema\/logo\/image\/\",\"url\":\"https:\/\/bigberry.fr\/wp-content\/uploads\/2022\/05\/logo-BB-HD-e1651847391238.png\",\"contentUrl\":\"https:\/\/bigberry.fr\/wp-content\/uploads\/2022\/05\/logo-BB-HD-e1651847391238.png\",\"width\":2610,\"height\":1837,\"caption\":\"Big Berry\"},\"image\":{\"@id\":\"https:\/\/bigberry.fr\/#\/schema\/logo\/image\/\"}}]}<\/script>\n<!-- \/ Yoast SEO plugin. -->","yoast_head_json":{"title":"Mentions l\u00e9gales - Big Berry","robots":{"index":"index","follow":"follow","max-snippet":"max-snippet:-1","max-image-preview":"max-image-preview:large","max-video-preview":"max-video-preview:-1"},"canonical":"https:\/\/bigberry.fr\/index.php\/page-daccueil\/mentions-legales\/","og_locale":"fr_FR","og_type":"article","og_title":"Mentions l\u00e9gales - Big Berry","og_description":"Mention l\u00e9gales Ce site appartient \u00e0 SARL Big Berry. Tous droits r\u00e9serv\u00e9s. Web designer : &nbsp;Adrien Camp, Big Berry Contact : contact@bigberry.fr Tel : 06 43 06 78 45 &nbsp; Si\u00e8ge social : SARL Big Berry SIRET 88788406200019 www.bigberry.fr 4 place Jean Moulin 36400 Briantes H\u00e9bergeur OVH RCS Lille M\u00e9tropole 424 761 419 00045 Code [&hellip;]","og_url":"https:\/\/bigberry.fr\/index.php\/page-daccueil\/mentions-legales\/","og_site_name":"Big Berry","article_modified_time":"2022-07-28T18:33:20+00:00","twitter_card":"summary_large_image","schema":{"@context":"https:\/\/schema.org","@graph":[{"@type":"WebPage","@id":"https:\/\/bigberry.fr\/index.php\/page-daccueil\/mentions-legales\/","url":"https:\/\/bigberry.fr\/index.php\/page-daccueil\/mentions-legales\/","name":"Mentions l\u00e9gales - Big Berry","isPartOf":{"@id":"https:\/\/bigberry.fr\/#website"},"datePublished":"2022-07-27T15:16:56+00:00","dateModified":"2022-07-28T18:33:20+00:00","breadcrumb":{"@id":"https:\/\/bigberry.fr\/index.php\/page-daccueil\/mentions-legales\/#breadcrumb"},"inLanguage":"fr-FR","potentialAction":[{"@type":"ReadAction","target":["https:\/\/bigberry.fr\/index.php\/page-daccueil\/mentions-legales\/"]}]},{"@type":"BreadcrumbList","@id":"https:\/\/bigberry.fr\/index.php\/page-daccueil\/mentions-legales\/#breadcrumb","itemListElement":[{"@type":"ListItem","position":1,"name":"Accueil","item":"https:\/\/bigberry.fr\/"},{"@type":"ListItem","position":2,"name":"Page d&#8217;accueil","item":"https:\/\/bigberry.fr\/"},{"@type":"ListItem","position":3,"name":"Mentions l\u00e9gales"}]},{"@type":"WebSite","@id":"https:\/\/bigberry.fr\/#website","url":"https:\/\/bigberry.fr\/","name":"Big Berry","description":"Agence de communication cr\u00e9ative","publisher":{"@id":"https:\/\/bigberry.fr\/#organization"},"potentialAction":[{"@type":"SearchAction","target":{"@type":"EntryPoint","urlTemplate":"https:\/\/bigberry.fr\/?s={search_term_string}"},"query-input":"required name=search_term_string"}],"inLanguage":"fr-FR"},{"@type":"Organization","@id":"https:\/\/bigberry.fr\/#organization","name":"Big Berry","url":"https:\/\/bigberry.fr\/","logo":{"@type":"ImageObject","inLanguage":"fr-FR","@id":"https:\/\/bigberry.fr\/#\/schema\/logo\/image\/","url":"https:\/\/bigberry.fr\/wp-content\/uploads\/2022\/05\/logo-BB-HD-e1651847391238.png","contentUrl":"https:\/\/bigberry.fr\/wp-content\/uploads\/2022\/05\/logo-BB-HD-e1651847391238.png","width":2610,"height":1837,"caption":"Big Berry"},"image":{"@id":"https:\/\/bigberry.fr\/#\/schema\/logo\/image\/"}}]}},"_links":{"self":[{"href":"https:\/\/bigberry.fr\/index.php\/wp-json\/wp\/v2\/pages\/808"}],"collection":[{"href":"https:\/\/bigberry.fr\/index.php\/wp-json\/wp\/v2\/pages"}],"about":[{"href":"https:\/\/bigberry.fr\/index.php\/wp-json\/wp\/v2\/types\/page"}],"author":[{"embeddable":true,"href":"https:\/\/bigberry.fr\/index.php\/wp-json\/wp\/v2\/users\/1"}],"replies":[{"embeddable":true,"href":"https:\/\/bigberry.fr\/index.php\/wp-json\/wp\/v2\/comments?post=808"}],"version-history":[{"count":0,"href":"https:\/\/bigberry.fr\/index.php\/wp-json\/wp\/v2\/pages\/808\/revisions"}],"up":[{"embeddable":true,"href":"https:\/\/bigberry.fr\/index.php\/wp-json\/wp\/v2\/pages\/7"}],"wp:attachment":[{"href":"https:\/\/bigberry.fr\/index.php\/wp-json\/wp\/v2\/media?parent=808"}],"curies":[{"name":"wp","href":"https:\/\/api.w.org\/{rel}","templated":true}]}}